(44)?
-676
Let x(o) = o**3 + 21*o**2 + 7322*o + 36250. Calculate x(-5).
40
Let j(s) = -s**3 - 330*s**2 - 1202*s + 33252. What is j(-326)?
0
Let q(t) = 1227*t - 14663. Calculate q(12).
61
Let n(h) = -h**3 + 68*h**2 - 1139*h - 36. Give n(38).
2
Let u(p) = -51*p**3 - 4*p**2 - 10526*p + 10527. Determine u(1).
-54
Let b(j) = -6*j**3 - 19*j**2 + 325*j + 660. Determine b(-2).
-18
Let w(t) = 9*t**3 - 22*t**2 + 102*t - 56. Determine w(5).
1029
Let t(p) = 280*p - 2070. What is t(7)?
-110
Let b(m) = -10111*m + 353932. Calculate b(35).
47
Let t(r) = r**3 - 74*r**2 + 64*r + 5802. Give t(72).
42
Let q(f) = -1104*f + 73236. What is q(67)?
-732
Let r(a) = 4*a**2 + 203*a - 15721. Calculate r(-93).
-4
Let p(k) = 14*k**2 + 242*k - 909. Determine p(4).
283
Let i(o) = 16*o**3 + 27*o**2 + 24*o + 100. Calculate i(-4).
-588
Let j(y) = -263*y + 7091. What is j(28)?
-273
Let c(z) = z**3 + 25*z**2 + 41*z + 502. Calculate c(-24).
94
Let g(h) = 58926*h + 10842385. Give g(-184).
1
Let j(g) = g**2 - 4045*g - 2666897. Calculate j(-577).
-3
Let n(r) = 65286*r - 456998. Give n(7).
4
Let r(x) = 5*x**3 - 31*x**2 - 77*x + 11. Determine r(11).
2068
Let k(l) = -l**2 - 61*l - 307. What is k(-64)?
-499
Let d(x) = 12*x**3 + 37*x**2 - 61*x + 8. What is d(1)?
-4
Let s(w) = 4*w**2 - 20*w - 3597. Calculate s(25).
-1597
Let d(j) = 128*j**2 + 3185*j - 49. Give d(-25).
326
Let d(s) = -5*s**2 - 2748*s - 22975. What is d(-541)?
288
Let z(i) = 919*i + 18478. Give z(-20).
98
Let k(x) = -274*x + 30907. Determine k(113).
-55
Let m(p) = 635390*p - 635395. Calculate m(1).
-5
Let q(u) = u**3 + 13*u**2 + 398*u + 4486. What is q(-11)?
350
Let x(l) = -l**2 + 11322*l - 383807. Calculate x(34).
-15
Let c(l) = -l**2 + 11399*l - 56972. Determine c(5).
-2
Let k(c) = 1164967*c + 3494898. Give k(-3).
-3
Let b(f) = 744*f - 10789. Give b(17).
1859
Let i(d) = -39745*d + 4173220. Determine i(105).
-5
Let q(s) = -537*s + 6091. Calculate q(11).
184
Let l(i) = 2*i**3 - 46*i**2 + 189*i - 1683. Give l(21).
522
Let n(i) = 227*i - 4860. Determine n(23).
361
Let u(r) = 315536*r - 21771975. What is u(69)?
9
Let r(x) = 19*x**2 + 14430*x - 14443. Give r(1).
6
Let f(l) = l**2 + 7534*l - 1004121. Determine f(131).
-6
Let h(n) = -2*n**3 - 16*n**2 - 2961*n - 26807. Give h(-9).
4
Let i(c) = -c**2 - 19969*c + 199780. Determine i(10).
-10
Let r(z) = -31*z**3 - 42*z**2 + 209*z + 423. What is r(-2)?
85
Let v(s) = -2*s**2 + 2213*s - 515147. Give v(333).
4
Let n(w) = -2*w**2 - 7826*w - 171201. What is n(-22)?
3
Let f(t) = 42549*t - 893538. Calculate f(21).
-9
Let v(y) = 29*y**3 + 7*y**2 - 13*y + 7. Determine v(3).
814
Let y(l) = -2*l**2 - 460*l + 158314. Determine y(-419).
-68
Let a(p) = 4*p**3 - 218*p**2 - 93*p - 849. Give a(55).
86
Let w(z) = -9*z**3 + 38*z**2 - 1446*z + 5757. Determine w(4).
5
Let m(j) = 92*j - 224. Calculate m(5).
236
Let i(n) = 171*n**2 - 1572*n + 309. Determine i(9).
12
Let q(g) = -4*g**3 + 857*g**2 - 193*g - 832. Determine q(214).
3662
Let t(p) = -62*p - 889. Give t(-22).
475
Let o(b) = -330946*b - 6287947. Give o(-19).
27
Let r(n) = 28*n**3 - 166*n**2 - 12*n - 5. Calculate r(5).
-715
Let o(c) = c**3 - 12*c**2 + 14*c - 800. What is o(15)?
85
Let g(o) = -7182*o + 919451. Give g(128).
155
Let h(l) = 51*l**2 - 5817*l + 258. Calculate h(114).
-84
Let h(j) = -2*j**2 + 451*j + 14728. What is h(-32)?
-1752
Let f(v) = -v**3 + 22*v**2 + 140*v - 424. Calculate f(-7).
17
Let l(i) = 226*i + 2966. Give l(-13).
28
Let a(o) = 10*o**2 + 3906*o + 29102. Calculate a(-383).
-6
Let y(b) = -34180*b + 308346. Give y(9).
726
Let s(z) = 208*z**2 - 7898*z - 278. Calculate s(38).
-50
Let s(h) = 20487*h - 184820. Give s(9).
-437
Let o(g) = -6*g**2 - 352*g + 657. Calculate o(-60).
177
Let z(b) = 5237*b - 1681089. Give z(321).
-12
Let w(i) = -911*i + 10840. Calculate w(12).
-92
Let t(r) = r**3 + 18*r**2 + 29*r + 1474. Calculate t(-20).
94
Let s(b) = -b**2 + 4294*b - 2498397. Give s(694).
3
Let p(k) = -15190*k - 425322. Give p(-28).
-2
Let q(l) = 1902*l + 36075. Determine q(-19).
-63
Let s(r) = -3864*r - 49165. What is s(-14)?
4931
Let s(r) = 64731*r + 193993. What is s(-3)?
-200
Let o(q) = 2*q**3 + 199*q**2 + 488*q + 136. Calculate o(-97).
-155
Let b(x) = -702*x**2 - 3157*x - 6307. What is b(-2)?
-2801
Let g(u) = -2*u**3 + 67*u**2 + 8622*u + 190. Determine g(-51).
37
Let r(i) = i**2 - 8246*i + 701754. Calculate r(86).
-6
Let r(p) = -p**3 + 12*p**2 + 261*p + 428. What is r(-10)?
18
Let g(q) = 1826*q + 18672. Calculate g(-11).
-1414
Let n(k) = -k**2 - 26677*k + 908143. Give n(34).
-31
Let x(l) = l**3 - 14*l**2 - 25*l + 537. Calculate x(12).
-51
Let m(t) = -10*t**3 - 34*t**2 - 128*t - 10. Give m(-7).
2650
Let p(u) = -502*u - 12554. What is p(-25)?
-4
Let s(o) = 783*o**2 + 28998*o + 638. Calculate s(-37).
-361
Let c(u) = -34444*u + 688849. Determine c(20).
-31
Let b(h) = h**2 + 203*h - 33588. What is b(-313)?
842
Let a(i) = -i**3 + 897*i**2 - 7129*i + 143. Calculate a(8).
7
Let z(k) = -358*k - 33539. Calculate z(-94).
113
Let h(k) = -18*k**2 + 2450*k - 452. Give h(136).
-180
Let z(f) = -f**3 + 23*f**2 + 466*f + 1748. Calculate z(-6).
-4
Let z(q) = 61*q**2 - 31*q - 21. What is z(-1)?
71
Let k(w) = 22*w**2 - 560*w + 3494. Calculate k(11).
-4
Let v(y) = 52*y**3 - 6*y**2 + 13*y + 18. Give v(-1).
-53
Let p(g) = -g**2 - 27*g + 781. Calculate p(16).
93
Let a(t) = t**3 - 50*t**2 - 418*t + 24636. Calculate a(48).
-36
Let n(d) = -561*d - 7728. Give n(-15).
687
Let f(c) = 73496*c - 3601296. What is f(49)?
8
Let p(y) = -3*y**3 + 375*y**2 + 6*y - 744. Give p(125).
6
Let q(c) = 3*c**2 + 76*c - 3931. Calculate q(-51).
-4
Let v(q) = -139*q - 11882. What is v(-58)?
-3820
Let d(n) = -n**2 + 87*n + 771. Determine d(-6).
213
Let c(w) = w**3 - 93*w**2 + 1561*w - 45. Give c(22).
-67
Let p(v) = 1318*v - 494238. Determine p(375).
12
Let g(c) = 5*c**3 + 240*c**2 - 11527*c + 13484. Determine g(-78).
-10
Let w(l) = -1787*l - 10441. Determine w(-8).
3855
Let y(w) = 8*w**2 - 373*w + 564. Give y(45).
-21
Let q(c) = 4*c**2 + 199*c + 68. What is q(-20)?
-2312
Let g(c) = -2*c**3 + 141*c**2 - 72*c + 193. Calculate g(70).
53
Let a(t) = -3002*t + 789536. Give a(263).
10
Let c(z) = -10*z**3 - 2441*z**2 + 7308*z + 5. Determine c(3).
-310
Let l(s) = -515*s + 182483. Determine l(365).
-5492
Let q(c) = -2*c**2 - 86*c + 14744. Give q(-110).
4
Let t(i) = 5*i**3 + 45*i**2 + 19*i - 43. Calculate t(-8).
125
Let b(n) = -43748*n + 1268693. Determine b(29).
1
Let y(l) = -4*l**2 - 680*l - 6275. Give y(-9).
-479
Let s(t) = 10103*t - 1101251. Calculate s(109).
-24
Let x(w) = -w**2 + 1366*w - 64031. Give x(48).
-767
Let x(y) = -1050477*y + 8403821. Calculate x(8).
5
Let c(k) = -4*k**2 + 11890*k + 396721. Calculate c(-33).
-5
Let n(q) = 3447*q + 2609381. Give n(-757).
2
Let m(o) = -o**2 + 4027*o - 1003916. Calculate m(267).
4
Let n(o) = 2*o**3 + 144*o**2 - 295*o + 701. Give n(-74).
627
Let m(u) = u**2 + 107*u + 2496. Give m(-44).
-276
Let m(w) = -2*w**3 - 12*w**2 + 148*w - 49. Determine m(8).
-657
Let a(f) = -f**3 - 74*f**2 - 1718*f - 18584. Determine a(-45).
1
Let k(x) = -5*x**3 + 144*x**2 + 93*x + 7677. Give k(31).
-11
Let t(h) = 276*h - 30894. What is t(112)?
18
Let p(q) = -827*q - 2627. Calculate p(-6).
2335
Let r(l) = -3*l**3 - 2040*l**2 - 12134*l - 1338. Give r(-674).
10
Let n(b) = -906*b + 14491. What is n(16)?
-5
Let k(m) = 2*m**3 - 43*m**2 + 540*m - 1272. Calculate k(3).
15
Let d(f) = f**3 + 29*f**2 - 970*f - 160. What is d(20)?
40
Let f(b) = -b**2 - 120*b - 3380. Calculate f(-39).
-221
Let b(d) = 2*d**3 + 399*d**2 - 5751*d - 68. Calculate b(-213).
-68
Let b(q) = -446*q**2 + 3890*q + 1113. What is b(9)?
-3
Let s(p) = 4459*p + 18242. What is s(-4)?
406
Let h(v) = -v**3 + 315*v**2 - 3344*v + 32. Give h(11).
32
Let w(p) = -p**3 + 20*p**2 + 13664*p - 286502. Give w(21).
1
Let d(w) = 8259*w - 24786. Determine d(3).
-9
Let d(f) = f**2 + 128*f + 1896. Determine d(-56).
-2136
Let h(n) = -8*n**2 - 3527*n + 314316. Give h(76).
56
Let t(s) = 968*s**2 + 39752*s + 29. Give t(-41).
-2595
Let b(k) = k**2 - 2*k - 3420. Calculate b(63).
423
Let b(d) = -2903*d + 26812. What is b(9)?
685
Let w(m) = 1580*m - 1241798. Give w(786).
82
Let k(d) = -40*d**2 - 594*d - 444. Calculate k(-14).
32
Let s(g) = 7*g**3 - 114*g**2 + 393*g - 6065. Give s(16).
-289
Let v(b) = 52082*b - 989561. Calculate v(19).
-3
Let z(